 Determine u(-15).
2091
Let x(j) = j**3 + 74*j**2 + 100*j - 749. Calculate x(-73).
-2720
Let y(s) = s**2 + 70*s + 1267. Calculate y(-22).
211
Let l(g) = -3382*g - 43960. Calculate l(-13).
6
Let s(z) = -z**3 + z**2 - 2*z - 27. Give s(5).
-137
Let q(k) = k**3 + 677*k**2 - 1539*k - 122927. Give q(-679).
-28
Let q(h) = h**3 + 867*h**2 + 2437*h - 133912. Calculate q(-864).
8
Let v(u) = -u**3 + 999*u**2 + 87527*u + 3806. Give v(-81).
-1
Let d(v) = -16365*v - 196436. What is d(-12)?
-56
Let a(r) = -3*r - 1570. Calculate a(-48).
-1426
Let r(b) = -10*b**3 - b**2 + 42*b + 94. Determine r(-4).
550
Let r(v) = -5*v**3 + 7*v**2 + 601*v - 609. What is r(1)?
-6
Let r(c) = 1076*c + 8797. Calculate r(-6).
2341
Let q(f) = -23*f**2 + 233*f + 6928. Determine q(-13).
12
Let x(t) = 83572*t - 334286. Determine x(4).
2
Let g(u) = -2*u**2 - 192*u - 1394. Determine g(-7).
-148
Let y(o) = 10595*o + 127139. Calculate y(-12).
-1
Let y(k) = -173*k - 25770. Determine y(-149).
7
Let w(u) = -19*u**2 + 579*u + 593. Give w(-1).
-5
Let a(f) = -8*f**3 + 15*f**2 + 61*f + 3. Determine a(6).
-819
Let r(z) = -123008*z + 738049. What is r(6)?
1
Let n(o) = 273*o**2 + 11738*o + 39. Determine n(-43).
82
Let a(d) = -14702*d**2 - 3749011*d - 250. Calculate a(-255).
5
Let o(y) = -9*y**2 - 1297*y - 22339. Determine o(-20).
1
Let p(m) = -m**2 - 3937*m + 219564. What is p(55)?
4
Let w(n) = -229825*n - 459670. Calculate w(-2).
-20
Let z(o) = -1752389*o + 57828838. Calculate z(33).
1
Let g(j) = -37*j**2 + 1676*j - 488. Determine g(45).
7
Let m(a) = -4*a**3 + 109*a**2 - 95*a + 218. What is m(26)?
1128
Let k(n) = -85*n - 7730. Determine k(-91).
5
Let u(h) = -5*h**3 - 39*h**2 + 17. Calculate u(-7).
-179
Let t(k) = k**3 + 89*k**2 - 276*k + 705. What is t(-92)?
705
Let m(z) = 6342*z - 418175. What is m(66)?
397
Let h(s) = -99*s + 15185. Calculate h(159).
-556
Let o(x) = 9*x**2 - 2604*x - 23975. Determine o(-9).
190
Let i(w) = w**2 - 86*w + 159. Calculate i(111).
2934
Let v(l) = -29483*l + 1031868. Calculate v(35).
-37
Let t(l) = -8700*l + 208870. Give t(24).
70
Let w(r) = -108*r**2 - 17283*r - 469. What is w(-160)?
11
Let r(b) = 339253*b + 35282313. Give r(-104).
1
Let r(s) = -22*s**2 - 1610*s - 8649. Calculate r(-67).
463
Let t(o) = -2200324*o + 4400656. What is t(2)?
8
Let a(u) = -u**3 + 103*u**2 - 3308*u + 33967. Give a(26).
11
Let m(c) = c**2 - 151*c - 79870. What is m(-217)?
-14
Let b(m) = 541973*m - 5961698. Give b(11).
5
Let a(h) = 53*h**3 + 2758*h**2 + 97*h - 268. Determine a(-52).
96
Let c(p) = 211787*p - 423527. What is c(2)?
47
Let w(r) = -445*r + 5036. Calculate w(9).
1031
Let k(r) = 64514*r + 1161265. Determine k(-18).
13
Let g(p) = 5*p**3 + 1039*p**2 + 25777*p + 174. Give g(-179).
-5
Let k(m) = -706*m**2 - 194240*m - 24744. Determine k(-275).
6
Let n(v) = -v**3 - 7*v**2 - 1865*v - 13043. What is n(-7)?
12
Let n(b) = -68166*b + 2862989. Determine n(42).
17
Let f(i) = -5*i**2 - 181*i + 161. What is f(-38)?
-181
Let i(w) = 276643*w - 1106543. Give i(4).
29
Let i(v) = -8*v**3 + 350*v**2 + 47*v + 1098. Calculate i(44).
-706
Let o(a) = -21*a**2 - 687*a - 5500. Give o(-14).
2
Let r(o) = -4*o**2 - 118*o - 148. What is r(-26)?
216
Let z(u) = -9*u**3 + 74*u**2 + 212*u - 1814. Give z(8).
10
Let d(x) = -x**3 - 35*x**2 - 10*x - 409. What is d(-35)?
-59
Let i(c) = 2*c**2 + 383*c + 15065. Give i(-56).
-111
Let x(a) = 2*a**3 + 90*a**2 - 119*a - 5081. Give x(-45).
274
Let h(v) = -v**3 + 44*v**2 - 437*v + 701. What is h(30)?
191
Let a(p) = -175829*p + 3692418. Give a(21).
9
Let l(b) = 4*b**2 + 367*b + 1356. Determine l(-88).
36
Let x(j) = -659*j + 24512. Give x(35).
1447
Let c(d) = -2*d**2 - 144*d + 570. Give c(-76).
-38
Let r(x) = 8*x**3 - 15*x**2 + 342*x - 690. Determine r(2).
-2
Let a(x) = -24*x**2 + 550*x + 2581. Determine a(-4).
-3
Let s(v) = -v**2 - 59*v + 1180. Determine s(16).
-20
Let b(t) = -259*t + 21832. What is b(84)?
76
Let x(n) = -880*n**2 - 35196*n + 166. Calculate x(-40).
6
Let y(f) = -12278*f - 147354. Give y(-12).
-18
Let l(h) = -5056*h + 262961. Give l(52).
49
Let h(n) = n**3 - 24*n**2 + 40*n - 679. Calculate h(27).
2588
Let v(h) = h**3 - 38*h**2 - 4840*h + 169192. Calculate v(34).
8
Let t(z) = 255*z + 136044. Calculate t(-532).
384
Let y(t) = 6601*t - 17867. Determine y(3).
1936
Let z(h) = 322*h - 7599. Give z(25).
451
Let i(t) = -4039*t - 250424. Give i(-62).
-6
Let v(q) = 330*q - 140331. Determine v(425).
-81
Let d(x) = -668*x**2 + 7365*x - 8. Determine d(11).
179
Let g(z) = 3*z**2 - 9206*z - 401392. What is g(-43)?
13
Let g(w) = 1541*w + 125123. Calculate g(-81).
302
Let i(z) = 8397*z - 277169. Determine i(33).
-68
Let y(w) = w**3 + 760*w**2 + 2277*w + 16. Determine y(-3).
-2
Let o(w) = 4*w**3 + 488*w**2 + 476*w - 994. Determine o(-121).
-26
Let s(k) = -3*k**3 + 21*k**2 - 115*k + 1149. What is s(8)?
37
Let i(k) = 485*k - 1556. What is i(5)?
869
Let f(g) = -4*g**3 - 263*g**2 + 531*g + 1. What is f(2)?
-21
Let f(k) = -2778*k**2 - 663945*k - 702. Give f(-239).
15
Let u(b) = -13*b**3 - 47*b**2 + 190*b - 4. Calculate u(4).
-828
Let j(w) = 3*w**3 - 171*w**2 + 1609*w + 99. Give j(12).
-33
Let w(g) = 8*g**2 + 361*g + 2839. Determine w(-35).
4
Let c(y) = -2334*y**2 + 137704*y + 47. Calculate c(59).
-71
Let l(h) = -203*h - 2105. Calculate l(-18).
1549
Let v(u) = 7*u**3 + 1472*u**2 - 1084*u - 6117. Give v(-211).
2
Let y(l) = l**2 - 379*l + 1899. Calculate y(5).
29
Let d(a) = 7*a**2 - 348*a + 1145. What is d(46)?
-51
Let i(u) = 5*u**2 - 71*u + 315. Determine i(9).
81
Let v(i) = 6334*i - 1659550. Give v(262).
-42
Let b(z) = -865*z + 1195417. What is b(1382)?
-13
Let x(t) = -734*t - 80209. Determine x(-109).
-203
Let f(w) = 1866*w - 380630. Determine f(204).
34
Let b(y) = -15539*y + 46463. What is b(3)?
-154
Let u(g) = 2*g**2 - 2293*g - 1711350. What is u(-515)?
-5
Let r(j) = j**2 + 54*j - 6414. Give r(-115).
601
Let y(w) = -855*w - 294993. Calculate y(-345).
-18
Let o(m) = m**3 + 22*m**2 - 412*m - 8958. What is o(-24)?
-222
Let m(v) = -75*v - 9811. Determine m(-156).
1889
Let f(m) = 113*m**2 + 3972*m - 185. Give f(-35).
-780
Let g(u) = -u**3 + 146*u**2 + 164*u - 1540. Give g(147).
959
Let m(l) = l**3 - 31*l**2 + 3029*l - 101397. Give m(33).
738
Let a(f) = -2*f**2 - 1399*f - 90444. What is a(-72)?
-84
Let q(j) = -1203*j + 30066. Calculate q(25).
-9
Let u(v) = 14*v**2 + 52*v - 46. Give u(-8).
434
Let t(d) = -3829*d + 37. What is t(0)?
37
Let u(r) = 2610*r - 15085. What is u(6)?
575
Let t(v) = -v**3 - 164*v**2 - 1637*v + 567. Calculate t(-11).
61
Let p(n) = -2*n**3 - 468*n**2 - 2740*n + 85. Give p(-6).
109
Let y(b) = 245*b**2 + 10071*b + 24. Determine y(-41).
-1042
Let b(y) = y**2 + 835*y + 169309. Give b(-347).
-27
Let i(h) = -7140*h + 14141. Give i(2).
-139
Let z(x) = 20*x**2 + 34*x + 6. What is z(-6)?
522
Let b(p) = -932*p + 417532. Calculate b(448).
-4
Let o(f) = 1174*f + 66254. Determine o(-56).
510
Let u(o) = 2171*o - 23865. What is u(11)?
16
Let q(a) = 1257*a**2 - 2*a - 11. What is q(-1)?
1248
Let o(z) = 11*z**2 + 3122*z + 27726. Give o(-9).
519
Let z(h) = -33*h**3 + h**2 + 218*h - 820. What is z(4)?
-2044
Let g(w) = 4*w**2 + 357*w + 113. Give g(-87).
-670
Let v(f) = 3283*f - 32779. What is v(10)?
51
Let g(x) = -58129*x - 232519. Determine g(-4).
-3
Let w(d) = 2*d**3 - 55*d**2 - 71*d + 2220. Determine w(28).
1016
Let l(o) = -78*o**2 - 12474*o + 988. Calculate l(-160).
28
Let m(a) = -18866*a - 415078. Determine m(-22).
-26
Let d(r) = 20*r**2 - 3437*r + 2890. Give d(171).
-17
Let b(c) = 7*c**3 + 755*c**2 + 616*c - 2665. Calculate b(-107).
117
Let y(c) = -6*c - 678. What is y(-62)?
-306
Let m(u) = -7583*u + 2381057. Determine m(314).
-5
Let h(u) = -u**3 - 110*u**2 + 166*u - 6498. What is h(-112)?
-2
Let h(s) = -3756*s + 1904287. Give h(507).
-5
Let i(x) = -x**3 - 94*x**2 + 13*x + 1314. What is i(-94)?
92
Let t(s) = -161*s**2 - 1213*s + 1214. Determine t(1).
-160
Let r(b) = -5*b**3 - 939*b**2 + 82473*b - 1275. Calculate r(-253).
-10
Let s(i) = -247272*i + 36843526. Determine s(149).
-2
Let z(d) = d**3 + 131*d**2 - 5700*d - 14859. What is z(-165)?
-9
Let u(m) = 31071*m**2 - 155361*m + 32. Calculate u(5).
2
Let i(u) = u**3 - 29*u**2 + 146*u - 571. What is i(15)?
-1531
Let t(l) = l**2 + 86370*l - 3629284. Give t(42).
20
Let m(h) = -h**3 + 65*h**2 - 1077*h - 118. Calculate m(30).
-928
Let v(k) 